2*s + 9 = 0, -3*o + s + 2*s = 6. Let r = o + 7. List the prime factors of r.
2
Let q = -154 - -322. What are the prime factors of q?
2, 3, 7
Suppose -722 - 958 = -7*o. What are the prime factors of o?
2, 3, 5
Let k = 38 - 61. Let l be ((-111)/9)/(3/(-9)). Let d = l + k. List the prime factors of d.
2, 7
Let p(j) be the second derivative of -2*j**3/3 - 9*j**2/2 + 3*j. List the prime factors of p(-7).
19
Let a = -35 - -130. Suppose 4*h + h = -j + a, -3*h + j + 65 = 0. What are the prime factors of h?
2, 5
Let c(g) = -3*g + 10. List the prime factors of c(-7).
31
Suppose k = 5*x - 3*x - 16, -k = x - 8. Suppose 4*w - 5*l = 126, 124 = x*w - 4*w - 4*l. What are the prime factors of w?
29
Suppose -4*t + 5*m + 45 + 8 = 0, 1 = -2*t - 3*m. Suppose -t = -l - 2. List the prime factors of l.
5
Let m(p) = -8*p - 5. What are the prime factors of m(-3)?
19
Suppose q + 5*g - 30 = 2*q, g + 10 = -3*q. Let a(i) = -5*i - 7. What are the prime factors of a(q)?
2, 3
Let m = 3 - -95. List the prime factors of m.
2, 7
Let i(s) = -s**3 + 3*s**2 + s + 2. Let r be i(3). Suppose r*m + 2*u = 51 + 59, -m = -u - 29. Suppose -2*g + m = -0*g. List the prime factors of g.
2, 3
Suppose -5*h + 499 = -2*a, -5*a - 406 = -6*h + 2*h. What are the prime factors of h?
3, 11
Let g = 4 - 0. List the prime factors of g.
2
Let m(y) = 4*y**3 + 7*y**2 + 5*y - 6. Let v(s) = 7*s**3 + 14*s**2 + 9*s - 12. Let r(x) = -5*m(x) + 3*v(x). What are the prime factors of r(-6)?
2, 3
Let o(z) = -z + 7. Let v be o(3). Suppose v*w - 32 = -3*m - m, -3*w - 2 = m. List the prime factors of m.
13
Suppose 15*j + 4590 = 30*j. List the prime factors of j.
2, 3, 17
Let o = 47 + -37. What are the prime factors of o?
2, 5
Let y(n) = -5*n + 1. Let l(w) = 9*w - 1. Let b(f) = -3*l(f) - 5*y(f). List the prime factors of b(-2).
2
Suppose 4*h + 7 = -0*h + 5*l, 0 = 5*h + 3*l - 19. Suppose h*t + 2*t = 80. List the prime factors of t.
2, 5
Let y be (2 - -1)*(6 + -7). Let r(t) = -t**3 + t**2 - 4. List the prime factors of r(y).
2
Suppose 2*y = 0, -4*g = 5*y - 20 + 60. Let a = g - -41. What are the prime factors of a?
31
Let j(y) = y**2 + 13*y + 13. Let k be j(-11). Let f = k - -34. What are the prime factors of f?
5
Let m be 2*((-3)/(-2) - 0). Suppose -12 = a + 5*z, 0*a + 6 = -m*a - 5*z. Suppose 0 = -5*n + k + 4 + 30, 2*n = -a*k + 17. List the prime factors of n.
7
Suppose 3*n + 4 = n. Let z = 0 - n. List the prime factors of z.
2
Suppose 2*a = 3 + 3. Suppose a*h - 79 = -28. List the prime factors of h.
17
Let l be 0/(-1) - (-6 - -9). Let c = l - -26. List the prime factors of c.
23
Let m be (2 - 1)*(-8)/(-2). Suppose -3*y - 5 = -m*y. Suppose -4*b = -5*g - 12, 3*b - y*g + 3 = 4*b. List the prime factors of b.
3
Suppose -5*u + 32 + 87 = -z, 5*u + 3*z = 123. Suppose -o = 3*o - u. What are the prime factors of o?
2, 3
Let m(f) = f + 2. Suppose -7*n = -3*n - 12. Suppose 5*q + 18 = 2*r, q + 5 = n*r - 9. List the prime factors of m(r).
2, 3
Let f be -3 - (-2 + (2 - 9)). Suppose 0 = 2*d - f*d + 68. List the prime factors of 0 + -1 + (d - -1).
17
Let h(r) = 3*r**2 - 1. Suppose -3*l - 3 = -2*l. List the prime factors of h(l).
2, 13
Let u(y) = y**2 + 3*y + 2. Let l(v) = 2*v**2 + v + 1. Let n be l(-1). Let j = n - 6. What are the prime factors of u(j)?
2, 3
Let g(i) = -i**3 + 4*i**2 + 5*i - 3. Let q be g(5). List the prime factors of (1 + (-26)/6)*q.
2, 5
Suppose 6*j - 6 = 4*j. Suppose -j*z - 40 = -4*z. What are the prime factors of z?
2, 5
Suppose -3*d + 132 = 3*b, 220 = 5*b - 0*d + 3*d. Suppose -m = -2*i + 44, -b = -0*i - 2*i - 2*m. What are the prime factors of i?
2, 11
Let t = -4 - -14. Suppose 4*w + t = -22. Let c(y) = -y**2 - 11*y - 12. What are the prime factors of c(w)?
2, 3
Let g = -1 + 3. Let c be 7/((-14)/4) + 1. Let k = g - c. List the prime factors of k.
3
Let b be ((-8)/3)/(12/(-54)). Suppose -2*f + b = f. What are the prime factors of f?
2
Let g(p) = -p**2 - p - 2. Let j be g(2). Let q(k) = k**3 + 9*k**2 + 3*k - 13. What are the prime factors of q(j)?
3
Let a = 8 - 12. List the prime factors of (0 + 1)/(a/(-72)).
2, 3
Suppose 4*t + t = 3*q + 67, -3*t + 41 = -2*q. What are the prime factors of t?
11
Suppose 4*r = 97 + 111. Suppose 0*w = -2*w + r. What are the prime factors of w?
2, 13
Let a(q) = q - q - 2*q - 1 + 3*q. Let i be a(2). What are the prime factors of 9 + 1/i + 2?
2, 3
Let n = 2 + 0. Let c be ((-5)/15)/(n/(-42)). List the prime factors of -4*c/4*-1.
7
Let c = 10 + 162. What are the prime factors of c?
2, 43
Suppose -2*v + 4*f = -8, -4*v + 0*f - f = -25. Let q(p) = v - p**2 + 4*p - 9*p - p. List the prime factors of q(-5).
11
Suppose -4*v + 28 = -2*v. Let f = v - 11. Suppose f*y = -2*y + 10. What are the prime factors of y?
2
Let k = 20 + -12. Let h(g) = 3*g - 12. What are the prime factors of h(k)?
2, 3
Let z be ((-8)/(-14))/(6/21). Suppose 5*q - 3*j - 141 = 0, -6*q - z*j = -2*q - 126. What are the prime factors of q?
2, 3, 5
Let c = 6 - 2. Suppose -3*s + 55 - c = 0. What are the prime factors of s?
17
Suppose -15 = -0*l + l. List the prime factors of 14/3*l/(-10).
7
Let o = -3 - -14. List the prime factors of o.
11
Let c(s) = 2*s**3 - 3*s**2. Let o = 6 + -4. What are the prime factors of c(o)?
2
Let b(l) = -l**2 - 5*l - 1. Let g be b(-4). Suppose -5*p + g*p = -14. What are the prime factors of p?
7
Let m = -2 - -71. List the prime factors of m.
3, 23
Let r(t) be the first derivative of t**4/24 - t**3/6 - t**2/2 + 1. Let c(l) be the second derivative of r(l). What are the prime factors of c(5)?
2
Let z = 9 + -22. Let a = -9 - z. List the prime factors of a.
2
What are the prime factors of 9/(-7) + 1 - (-583)/7?
83
Let g be ((-20)/16)/((-1)/4). What are the prime factors of (7 - g)/((-2)/(-3))?
3
Let o be 1*(4/2 - -3). Suppose x - 3*d + 2*d = 10, 2*x - 6 = -o*d. List the prime factors of (-3)/(-12) - (-174)/x.
2, 11
Let q be 0 + 0 - (-1)/1. Let w be (-105)/(-9) + q/3. Suppose 3*n - 14 = i + w, -3*i = -2*n + 29. List the prime factors of n.
7
Let q(f) = f**3 - 2*f**2 - 5*f. Let z(g) = g**3 - 3*g**2 - 5*g - 1. Let w(n) = -3*q(n) + 4*z(n). List the prime factors of w(7).
2, 5
Let d(c) = c**2 - c - 2. Let m be d(0). Let z(v) = 5*v**2 + 2*v - 2. List the prime factors of z(m).
2, 7
Suppose 15 = -2*j + 13. List the prime factors of -4*(j - 2 - -1).
2
Suppose 0 = -4*n - 4*x + 316, -n = 2*n + x - 237. Suppose -5*r + 3*a + n = 0, 2*r + 0*r + 3*a - 40 = 0. List the prime factors of r.
17
Let d = 176 + -148. List the prime factors of d.
2, 7
Let f(q) = -2*q**3 + 2*q**3 - q**3 - 6*q**2 + q + 6 + 0*q. Let o be f(-6). What are the prime factors of 1 - -10 - (o + 1)?
2, 5
Let t(h) = h**2 - 4*h - 4. Let l be t(5). List the prime factors of l + (0 - (1 - 2)).
2
Let d(x) = 6*x**2 + 4*x - 5. Let a be d(3). Suppose -j + 3*o = -18, a = 3*j - 3*o + o. What are the prime factors of j?
3, 7
Let t = 1 - -2. What are the prime factors of t?
3
Let s be (-1 - 0)*7 - -2. Let a(v) be the second derivative of -v**5/20 - 5*v**4/12 + 5*v**2/2 - 2*v. What are the prime factors of a(s)?
5
List the prime factors of -5 + 37 - 1*4.
2, 7
Let l(q) = q**3 + 6*q**2 - 7*q + 7. Let y be l(-7). Let i be y + 2 - (5 + -3). Suppose -2*g + 9 = -3*c, -2*c + i*c + 35 = 5*g. List the prime factors of g.
2, 3
Suppose -2*t + h + 35 = 0, 2*h + 0 = 2. Suppose -4*a + 4*g = -3*a - t, 3*a + g = 93. What are the prime factors of a?
2, 3, 5
Suppose 0 = -5*c - 26 + 206. Suppose 3*i = -4*f + 31, -2*i - c = -2*f - f. List the prime factors of f.
2, 5
Let s(x) = -x**2 + 10*x - 6. Let z be s(9). Suppose 3*p + z*d - 36 = -3, -2*p - 4*d = -18. What are the prime factors of p?
13
Let l = 11 - 9. Suppose 0 = 5*u + 5*y, l*y + 16 + 14 = 4*u. What are the prime factors of u?
5
Suppose -3*f + 3 = 5*o, -3 = -0*f - 2*f - 3*o. What are the prime factors of f?
2, 3
Let t(a) = -8*a - 3. List the prime factors of t(-4).
29
Let u(z) = z + 9. Let t be u(-5). Suppose 26 = 3*r + v, r + t*v - 8 + 3 = 0. What are the prime factors of r?
3
Let k = 19 - -15. What are the prime factors of k?
2, 17
What are the prime factors of 14 + -5 - (-4)/2?
11
Let p = 54 + -35. List the prime factors of p.
19
Suppose 137 = s + 5*a - 58, 0 = -5*a + 25. Suppose -5*n = -5*c - s, 4*c = -n - 2*n + 95. List the prime factors of n.
3, 11
List the prime factors of (-3*(-24)/14)/((-1)/(-7)).
2, 3
Suppose 0 = -4*c + 1